-2)/(-3) - (-7)/3. Suppose 2*y = m + 7*y - 41, 4*m - 2*y - 142 = 0. Suppose j*c - m = -c. What are the prime factors of c?
3
Suppose -5*i + 38 = -7*i. Let r = 53 + i. List the prime factors of r.
2, 17
Let u = 9 + -7. Suppose 0 = 2*t - u - 2. Suppose -11 = j - t*j. List the prime factors of j.
11
Suppose -6*w - w + 1176 = 0. What are the prime factors of w?
2, 3, 7
Suppose -5*r - 5*a + 5 = 0, r - 2*a - 5 + 1 = 0. Suppose -r*q + 60 = -54. List the prime factors of q.
3, 19
Let z(m) = -7*m + 1. Let h be z(-1). Let b(l) = -2*l - 9. Let c be b(-7). Suppose -c*k + 52 = -k + 5*x, h = 2*x. What are the prime factors of k?
2
Suppose 5*y - 215 = -5*s, 2*y + 2*y + 5*s - 168 = 0. List the prime factors of y.
47
Let i(m) = -m**2 - 11*m - 6. Let f be 6/(-4)*(2 - -4). What are the prime factors of i(f)?
2, 3
Let k = 57 - 30. List the prime factors of (-2)/(-9) + 237/k.
3
Let t(h) be the second derivative of h**5/20 + h**4/4 - h**3 - 3*h**2 - h. Suppose 3*c + c + 16 = 0. List the prime factors of t(c).
2
What are the prime factors of (-596)/(-12) - (-4)/(-6)?
7
Let h = 1 - 1. Let z be (2/2 - h)*1. Suppose z - 11 = 5*t, i - 2 = -4*t. List the prime factors of i.
2, 5
Suppose 67 = 3*m + 4*f, -3*f - f - 101 = -5*m. What are the prime factors of m?
3, 7
Let m be (-3 - (-1)/2)*-2. Suppose -m*j + 47 + 58 = 0. Let x = -12 + j. What are the prime factors of x?
3
What are the prime factors of 20*(8/60)/((-3)/(-162))?
2, 3
Let z(r) = -5*r + 24. List the prime factors of z(-12).
2, 3, 7
Let b(a) = a**2 - 10*a + 11. Let v be b(8). Let k be (-22)/v - 24/(-40). Suppose z + 2*y + 22 = 3*z, -y = -k. What are the prime factors of z?
2
Let j(i) = 5*i**2 + 27*i - 28. Let x(l) = -2*l**2 - 13*l + 14. Let s(h) = 3*j(h) + 7*x(h). What are the prime factors of s(10)?
2, 7
Let o be (6/(-3) - -3) + 2. Suppose o*s + s = 12. Suppose s*y = -3*t, 3*y + 10 = -2*y. List the prime factors of t.
2
Suppose -2*m = -3*k - 182, -2*k = -4*m - k + 364. Let l = -51 + m. What are the prime factors of l?
2, 5
Let r(k) = k**2 - k - 7. What are the prime factors of r(-7)?
7
Suppose 2*q - 5 = 11. Suppose d - 5*u = q + 26, -5*d - 4*u = -83. What are the prime factors of d?
19
Suppose -o - 10 = 5*u, -3*o + 0*o - 16 = u. Let a = o + 11. List the prime factors of a.
2, 3
Let p(a) = -a**3 + 6*a**2 + a - 1. Let z be (-2)/(-3)*15/2. Suppose 3 = -z*n + 33. List the prime factors of p(n).
5
Suppose 2*m - 216 = m. List the prime factors of m.
2, 3
Let y = -19 + 13. Let v(q) = -6*q - 2. Let p be v(y). Let c = p + -18. List the prime factors of c.
2
Let d = 27 + 0. What are the prime factors of d?
3
Suppose 6*u = 2*u + 4*c + 4, 0 = -5*c + 10. Suppose -u*a + 57 = -36. Suppose 3*y - a - 2 = 0. List the prime factors of y.
11
Suppose -2*m = 3*m - 20. What are the prime factors of (-1)/(m/(-88)*2)?
11
Let b(n) = 4*n**2 + 2*n + 4*n**3 - 3*n**3 - 2*n**2 - 2. Let w be b(-2). List the prime factors of w/4*70/(-15).
7
Let c(t) = 3*t**3 - 4*t**2 + t + 2. Let d = -5 + 4. Let p = d + 3. What are the prime factors of c(p)?
2, 3
Let i(w) = w**2 - 1. Let g(t) = 2*t**2 + 2. Let j(v) = g(v) + 2*i(v). Let l be j(1). Suppose -l*a = a - 120. List the prime factors of a.
2, 3
Suppose w = -2*w + 6. Let k be 95/w - (-2)/4. Suppose t - 12 = 4*b, 0 = 5*t + 2*b - k - 34. List the prime factors of t.
2
Suppose 4*o = -4*h + 20, -3*o - 4*h + 16 = -o. Suppose 0 = 2*d + 5*a - 67, -2*d - o*a + 103 = 27. What are the prime factors of d?
41
Let a = 6 + -10. Let b be 1*(a/2 + -5). What are the prime factors of 2/b + 130/14?
3
Suppose 0 = -2*c - 5*i - 0*i + 105, 5*c = 5*i + 280. List the prime factors of c.
5, 11
Let k be 2 + 0/1*-1. Let z be 3 + -1 + -4 - -32. Suppose k = 4*f - z. What are the prime factors of f?
2
Suppose -2*y = -5*x + 21, 0*y = y - x + 6. Let k = -8 - -23. Let w = y + k. List the prime factors of w.
2, 3
Suppose 52 = 4*g - 56. Suppose 3*i = 4*t - 0*t + 57, -2*t + i = g. What are the prime factors of t/18*15*-1?
2, 5
Let n be (-84)/(-9) + (-4)/(-6). Let z be 34/10 - n/25. Suppose 5*c = z*m - 34, -c = 3*m - 2*c - 26. What are the prime factors of m?
2
Suppose -3*k - k - 2*t + 1268 = 0, 4*k = 4*t + 1268. List the prime factors of k.
317
Suppose 4*v + r = 8, 3*v = 5*v - 4*r - 22. List the prime factors of (1 + v)/((-2)/(-3)).
2, 3
Let x(w) be the first derivative of w**2/2 + 2*w + 3. List the prime factors of x(9).
11
Suppose -5*c = r - 18, -10 = -2*c - 2. Let v = 0 - r. Suppose b + s + 2*s = -4, -b - v = 2*s. What are the prime factors of b?
2
Suppose 67 = 2*n - 145. List the prime factors of n.
2, 53
Let b = 66 - 27. What are the prime factors of b?
3, 13
Let f(j) = 24 + j + 0*j - j**2 - 2*j. What are the prime factors of f(0)?
2, 3
Suppose 195 = q + 4*q. What are the prime factors of q?
3, 13
What are the prime factors of 7/(-2)*(-60)/3?
2, 5, 7
Let p(t) = -t**2 - 6*t + 2. Let f be p(6). List the prime factors of f/(-5) + -1 + 3.
2
Let v(p) = p**3 - 21*p**2 + 19*p + 28. List the prime factors of v(20).
2
List the prime factors of ((-369)/(-18))/(1/2).
41
Suppose 1193 = 4*g + x, 0 = 5*g - 3*g - 2*x - 594. List the prime factors of g.
2, 149
What are the prime factors of (0 - 1 - 0) + 74?
73
Let d = -61 + 92. List the prime factors of d.
31
Suppose -3*k = 0, 2*t + 34 = t + k. Let s = 47 + t. List the prime factors of s.
13
Let x(o) = -o + 8. Let d be x(7). Let s = 9 - d. List the prime factors of s.
2
Let g(d) = -6*d**2 + 41*d - 14. List the prime factors of g(6).
2
Suppose 0*f = -4*f + 52. What are the prime factors of f?
13
Suppose -2*a = 3*q + 9 + 2, 2*a - 3*q - 19 = 0. Suppose -4 = -4*l + 2*c, -5*l + 0*c + 3*c = -3. Suppose 20 = l*r + a*r. List the prime factors of r.
2
Let t(c) = -6*c - 1. Suppose h - 4*q + 8 = 0, -19 - 34 = 4*h + 5*q. Let k be (8/h)/(1/3). List the prime factors of t(k).
11
Suppose r + 3 = -4*o + 11, -15 = -5*r + 5*o. Let f be (-75)/9 + (-2)/3. What are the prime factors of r/(-18) + (-137)/f?
3, 5
Suppose 4*q + o - 241 = 0, 2 = 2*o - 0. What are the prime factors of q?
2, 3, 5
Suppose s - 2*t + 1 = 5, 5*s = 2*t + 28. Let r(y) = 2*y - 5. What are the prime factors of r(s)?
7
List the prime factors of (-2)/(-1) + -3 + 32.
31
Suppose 0 = 2*q + q. Suppose -2*y - 4*v + 24 = 0, q = 5*y - 3*y + v - 9. Suppose -y*m = -13 - 3. What are the prime factors of m?
2
Suppose -66 = -4*u + 10. What are the prime factors of u?
19
Suppose -6 = -5*u + 4. What are the prime factors of u/(2/(-12)*-1)?
2, 3
Let h be 2*(2/2 + -2). List the prime factors of (1/2)/(h/(-12)).
3
Let n be 63 + (-3 - -4) + -4. Suppose 4*f - 6*d - 56 = -2*d, -5*f + 3*d + n = 0. What are the prime factors of f?
3
Let u(p) = 56*p + 27. List the prime factors of u(4).
251
Let w = 133 - -60. List the prime factors of w.
193
Let q = 133 - 81. Suppose -3*h + q = h. List the prime factors of h.
13
Let x = 116 + -62. List the prime factors of x.
2, 3
Suppose -4*v - 10 = -z, -v - 3*v + 2 = 5*z. Let w be (z - 1) + 0 + 8. Suppose 5*m - w*m + 84 = 0. What are the prime factors of m?
3, 7
Suppose 5 = j + 8. What are the prime factors of (j/9)/((-1)/33)?
11
Suppose 4*s = -m + 22, -5*m - 5 = -0*m - 3*s. Let l = -2 + m. Suppose l = 4*r - 8*r + 28. List the prime factors of r.
7
Let d(w) = -37*w - 1. Let c be d(-1). Suppose -4*s + 20 + c = 0. What are the prime factors of s?
2, 7
Let q = -17 + 306. What are the prime factors of q?
17
What are the prime factors of 56/16*(-16)/(-7)?
2
Let y(s) = -s**2 - 7*s - 4. List the prime factors of y(-6).
2
Let d(l) = -l - 7. Let q be d(-5). Let c be q/((-6)/9) - 1. List the prime factors of c/6 + (-114)/(-9).
13
Let k = 22 - 16. Suppose 0 = k*m - 2*m - 64. What are the prime factors of m?
2
Let n(h) = 3*h**2 - 2*h + 1. Let k be n(1). Suppose -5*a = -m - k*m + 71, -5*a = 20. List the prime factors of m.
17
Suppose 0 = 5*z - 5*l + 10, 0 = -2*l + 2. Let s be 2 - (z + 1 + -1). Suppose s*q = 2*q + 3. What are the prime factors of q?
3
Suppose 5*c + 0*c + 15 = 0. Let m be (-1)/2*6*-2. List the prime factors of (-8)/c + 2/m.
3
Let o(s) be the second derivative of s**4/12 + s**3/2 - 2*s**2 - s. What are the prime factors of o(3)?
2, 7
Suppose w - 2*m + 4*m - 6 = 0, 3*m = -w + 6. Let c be w/(-8)*12/3. List the prime factors of (c/(-9))/(1/51).
17
Let a = -89 - -53. Let y = -21 - a. List the prime factors of y.
3, 5
Suppose -7*u = -2*u - 35